hen 25724 is divided by 147.
146
What is the remainder when 1307121 is divided by 588?
585
Calculate the remainder when 4937 is divided by 1848.
1241
What is the remainder when 7829546 is divided by 274?
270
What is the remainder when 253758 is divided by 1040?
1038
What is the remainder when 12156 is divided by 187?
1
What is the remainder when 3026 is divided by 5?
1
Calculate the remainder when 4743 is divided by 35.
18
Calculate the remainder when 45709 is divided by 22835.
39
What is the remainder when 5618 is divided by 1870?
8
Calculate the remainder when 2407 is divided by 1880.
527
What is the remainder when 198729 is divided by 34?
33
What is the remainder when 2226 is divided by 6?
0
Calculate the remainder when 881344 is divided by 293772.
28
What is the remainder when 18625 is divided by 41?
11
Calculate the remainder when 1840 is divided by 371.
356
Calculate the remainder when 2649812 is divided by 72.
68
What is the remainder when 324 is divided by 215?
109
Calculate the remainder when 2041 is divided by 37.
6
Calculate the remainder when 38445 is divided by 16.
13
Calculate the remainder when 574997 is divided by 10.
7
Calculate the remainder when 38472 is divided by 173.
66
What is the remainder when 132488 is divided by 14714?
62
What is the remainder when 172902 is divided by 18?
12
What is the remainder when 6904 is divided by 159?
67
Calculate the remainder when 286468 is divided by 286442.
26
What is the remainder when 8294 is divided by 829?
4
What is the remainder when 2089 is divided by 25?
14
Calculate the remainder when 62019 is divided by 169.
165
What is the remainder when 42538 is divided by 3322?
2674
What is the remainder when 42910 is divided by 62?
6
Calculate the remainder when 43555 is divided by 91.
57
Calculate the remainder when 28980 is divided by 9648.
36
Calculate the remainder when 439622 is divided by 307.
305
Calculate the remainder when 30709 is divided by 10233.
10
What is the remainder when 7074 is divided by 2296?
186
Calculate the remainder when 115387 is divided by 17.
8
What is the remainder when 799 is divided by 264?
7
What is the remainder when 975268 is divided by 11?
8
Calculate the remainder when 2270 is divided by 465.
410
Calculate the remainder when 40390 is divided by 132.
130
What is the remainder when 264495 is divided by 244?
243
Calculate the remainder when 1622 is divided by 392.
54
Calculate the remainder when 142978 is divided by 142967.
11
Calculate the remainder when 28835 is divided by 10.
5
Calculate the remainder when 37241 is divided by 18550.
141
Calculate the remainder when 3041 is divided by 504.
17
What is the remainder when 4063 is divided by 854?
647
What is the remainder when 11364 is divided by 20?
4
Calculate the remainder when 98148 is divided by 892.
28
Calculate the remainder when 37891 is divided by 43.
8
Calculate the remainder when 1300 is divided by 268.
228
Calculate the remainder when 8589 is divided by 715.
9
Calculate the remainder when 40936 is divided by 475.
86
Calculate the remainder when 348327 is divided by 116101.
24
Calculate the remainder when 13175 is divided by 126.
71
Calculate the remainder when 923 is divided by 258.
149
What is the remainder when 2721 is divided by 670?
41
What is the remainder when 4812 is divided by 51?
18
Calculate the remainder when 69734 is divided by 87.
47
What is the remainder when 156 is divided by 14?
2
What is the remainder when 39635 is divided by 13202?
29
Calculate the remainder when 26377 is divided by 1096.
73
What is the remainder when 4295 is divided by 2079?
137
What is the remainder when 89428 is divided by 330?
328
What is the remainder when 441225 is divided by 412?
385
Calculate the remainder when 14926 is divided by 1681.
1478
Calculate the remainder when 3865 is divided by 429.
4
What is the remainder when 97328 is divided by 19457?
43
Calculate the remainder when 957 is divided by 490.
467
What is the remainder when 394089 is divided by 30312?
33
Calculate the remainder when 195411 is divided by 48849.
15
What is the remainder when 18520 is divided by 174?
76
What is the remainder when 3730 is divided by 597?
148
What is the remainder when 161964 is divided by 53983?
15
Calculate the remainder when 3752 is divided by 171.
161
What is the remainder when 51159 is divided by 533?
524
Calculate the remainder when 5213 is divided by 399.
26
What is the remainder when 9021 is divided by 59?
53
What is the remainder when 339679 is divided by 10?
9
Calculate the remainder when 8155 is divided by 293.
244
What is the remainder when 63704 is divided by 118?
102
What is the remainder when 217784 is divided by 496?
40
What is the remainder when 209528 is divided by 63?
53
Calculate the remainder when 8907 is divided by 63.
24
What is the remainder when 3430 is divided by 31?
20
What is the remainder when 7318 is divided by 61?
59
What is the remainder when 4671 is divided by 161?
2
What is the remainder when 20855 is divided by 10111?
633
Calculate the remainder when 13673 is divided by 214.
191
Calculate the remainder when 17795 is divided by 8876.
43
What is the remainder when 7091 is divided by 21?
14
What is the remainder when 381 is divided by 122?
15
What is the remainder when 27956 is divided by 9308?
32
What is the remainder when 79878 is divided by 10?
8
What is the remainder when 269162 is divided by 9?
8
What is the remainder when 1024803 is divided by 915?
3
Calculate the remainder when 364637 is divided by 11.
9
Calculate the remainder when 14476 is divided by 1315.
11
What is the remainder when 5588 is divided by 53?
23
Calculate the remainder when 112551 is divided by 18.
15
Calculate the remainder when 17919 is divided by 87.
84
Calculate the remainder when 509563 is divided by 430.
13
Calculate the remainder when 57209 is divided by 11435.
34
What is the remainder when 49656 is divided by 201?
9
Calculate the remainder when 58010 is divided by 406.
358
What is the remainder when 18269 is divided by 1660?
9
Calculate the remainder when 731 is divided by 223.
62
Calculate the remainder when 7796 is divided by 756.
236
What is the remainder when 41907 is divided by 1448?
1363
Calculate the remainder when 286317 is divided by 321.
306
What is the remainder when 1607712 is divided by 3874?
2
What is the remainder when 427032 is divided by 735?
732
Calculate the remainder when 102317 is divided by 215.
192
What is the remainder when 15433 is divided by 2564?
49
What is the remainder when 38393 is divided by 492?
17
Calculate the remainder when 144176 is divided by 22.
10
What is the remainder when 15596 is divided by 15554?
42
Calculate the remainder when 224768 is divided by 26.
24
Calculate the remainder when 145075 is divided by 20.
15
Calculate the remainder when 7586 is divided by 146.
140
What is the remainder when 98370 is divided by 6553?
75
What is the remainder when 614282 is divided by 222?
8
What is the remainder when 207587 is divided by 79?
54
Calculate the remainder when 1326 is divided by 331.
2
Calculate the remainder when 509 is divided by 161.
26
What is the remainder when 95326 is divided by 662?
660
Calculate the remainder when 5327 is divided by 2365.
597
What is the remainder when 4745 is divided by 2334?
77
Calculate the remainder when 17783 is divided by 282.
17
Calculate the remainder when 281098 is divided by 136.
122
What is the remainder when 2238 is divided by 2226?
12
Calculate the remainder when 6900 is divided by 837.
204
What is the remainder when 1288 is divided by 640?
8
What is the remainder when 31528 is divided by 347?
298
What is the remainder when 459903 is divided by 1072?
15
What is the remainder when 24123 is divided by 3010?
43
What is the remainder when 72520 is divided by 34?
32
Calculate the remainder when 4579 is divided by 303.
34
What is the remainder when 20006 is divided by 345?
341
What is the remainder when 3248 is divided by 84?
56
What is the remainder when 24717 is divided by 8206?
99
What is the remainder when 4556 is divided by 240?
236
Calculate the remainder when 32396 is divided by 225.
221
What is the remainder when 5635 is divided by 509?
36
Calculate the remainder when 1424 is divided by 1343.
81
Calculate the remainder whe